{"id":391,"date":"2022-07-27T11:03:55","date_gmt":"2022-07-27T09:03:55","guid":{"rendered":"https:\/\/highlightspirit.fr\/?page_id=391"},"modified":"2023-07-26T22:06:58","modified_gmt":"2023-07-26T20:06:58","slug":"art-therapie","status":"publish","type":"page","link":"https:\/\/highlightspirit.fr\/index.php\/art-therapie\/","title":{"rendered":"Art th\u00e9rapie"},"content":{"rendered":"\n<figure class=\"wp-block-audio\"><audio controls src=\"https:\/\/highlightspirit.fr\/wp-content\/uploads\/2021\/10\/One_of_Best_Piano_Song_ever_Une_des_plus_belles_.mp3\" autoplay loop><\/audio><\/figure>\n\n\n\n<blockquote class=\"wp-block-quote has-text-align-center\">\n<p>\u00ab Des objets, des m\u00e9diations de nature artistique sont utilis\u00e9s pour leurs capacit\u00e9s \u00e0 donner \u00e0 l\u2019individu le pouvoir de r\u00eaver, d\u2019esp\u00e9rer, de survivre [\u2026], et d\u2019oublier l\u2019espace d\u2019un temps la douleur, l\u2019angoisse, la maladie, en entrant ou en red\u00e9couvrant le processus cr\u00e9atif. \u00bb<\/p>\n\n\n\n<p>\u2013 Wadih RHONDALE<\/p>\n<\/blockquote>\n\n\n\n<p class=\"has-text-align-center\"><strong>Voici un partage de diff\u00e9rentes r\u00e9alisations <\/strong><\/p>\n\n\n\n<div class=\"is-layout-flow wp-block-group\"><div class=\"wp-block-group__inner-container\">\n<div class=\"is-layout-flex wp-container-4 wp-block-columns\">\n<div class=\"is-layout-flow wp-block-column\" style=\"flex-basis:100%\">\n<figure class=\"is-layout-flex wp-block-gallery-1 wp-block-gallery has-nested-images columns-4 is-cropped\">\n<figure class=\"wp-block-image size-large\"><img decoding=\"async\" loading=\"lazy\" width=\"750\" height=\"500\" src=\"https:\/\/highlightspirit.fr\/wp-content\/uploads\/2022\/07\/main-enfants-et-peinture.jpg\" alt=\"\" class=\"wp-image-435\" srcset=\"https:\/\/highlightspirit.fr\/wp-content\/uploads\/2022\/07\/main-enfants-et-peinture.jpg 750w, https:\/\/highlightspirit.fr\/wp-content\/uploads\/2022\/07\/main-enfants-et-peinture-600x400.jpg 600w, https:\/\/highlightspirit.fr\/wp-content\/uploads\/2022\/07\/main-enfants-et-peinture-300x200.jpg 300w\" sizes=\"(max-width: 750px) 100vw, 750px\" \/><\/figure>\n\n\n\n<figure class=\"wp-block-image size-large\"><img decoding=\"async\" loading=\"lazy\" width=\"214\" height=\"300\" src=\"https:\/\/highlightspirit.fr\/wp-content\/uploads\/2022\/07\/pages-scrap.jpg\" alt=\"\" class=\"wp-image-436\"\/><\/figure>\n\n\n\n<figure class=\"wp-block-image size-large\"><img decoding=\"async\" loading=\"lazy\" width=\"750\" height=\"909\" src=\"https:\/\/highlightspirit.fr\/wp-content\/uploads\/2022\/07\/carte-de-voeux-noel.jpg\" alt=\"\" class=\"wp-image-434\" srcset=\"https:\/\/highlightspirit.fr\/wp-content\/uploads\/2022\/07\/carte-de-voeux-noel.jpg 750w, https:\/\/highlightspirit.fr\/wp-content\/uploads\/2022\/07\/carte-de-voeux-noel-600x727.jpg 600w, https:\/\/highlightspirit.fr\/wp-content\/uploads\/2022\/07\/carte-de-voeux-noel-248x300.jpg 248w\" sizes=\"(max-width: 750px) 100vw, 750px\" \/><\/figure>\n\n\n\n<figure class=\"wp-block-image size-large\"><img decoding=\"async\" loading=\"lazy\" width=\"744\" height=\"616\" src=\"https:\/\/highlightspirit.fr\/wp-content\/uploads\/2022\/07\/carte-chix-homme.png\" alt=\"\" class=\"wp-image-433\" srcset=\"https:\/\/highlightspirit.fr\/wp-content\/uploads\/2022\/07\/carte-chix-homme.png 744w, https:\/\/highlightspirit.fr\/wp-content\/uploads\/2022\/07\/carte-chix-homme-600x497.png 600w, https:\/\/highlightspirit.fr\/wp-content\/uploads\/2022\/07\/carte-chix-homme-300x248.png 300w\" sizes=\"(max-width: 744px) 100vw, 744px\" \/><\/figure>\n\n\n\n<figure class=\"wp-block-image size-large\"><img decoding=\"async\" loading=\"lazy\" width=\"226\" height=\"300\" src=\"https:\/\/highlightspirit.fr\/wp-content\/uploads\/2022\/07\/carrousel-images.jpg\" alt=\"\" class=\"wp-image-432\"\/><\/figure>\n\n\n\n<figure class=\"wp-block-image size-large\"><img decoding=\"async\" loading=\"lazy\" width=\"1024\" height=\"683\" src=\"https:\/\/highlightspirit.fr\/wp-content\/uploads\/2022\/07\/cahier-de-visualisation.jpg\" alt=\"\" class=\"wp-image-430\" srcset=\"https:\/\/highlightspirit.fr\/wp-content\/uploads\/2022\/07\/cahier-de-visualisation.jpg 1024w, https:\/\/highlightspirit.fr\/wp-content\/uploads\/2022\/07\/cahier-de-visualisation-600x400.jpg 600w, https:\/\/highlightspirit.fr\/wp-content\/uploads\/2022\/07\/cahier-de-visualisation-300x200.jpg 300w, https:\/\/highlightspirit.fr\/wp-content\/uploads\/2022\/07\/cahier-de-visualisation-768x512.jpg 768w\" sizes=\"(max-width: 1024px) 100vw, 1024px\" \/><\/figure>\n\n\n\n<figure class=\"wp-block-image size-large\"><img decoding=\"async\" loading=\"lazy\" width=\"750\" height=\"774\" src=\"https:\/\/highlightspirit.fr\/wp-content\/uploads\/2022\/07\/bougie-a-la-lavande-3.jpg\" alt=\"\" class=\"wp-image-429\" srcset=\"https:\/\/highlightspirit.fr\/wp-content\/uploads\/2022\/07\/bougie-a-la-lavande-3.jpg 750w, https:\/\/highlightspirit.fr\/wp-content\/uploads\/2022\/07\/bougie-a-la-lavande-3-600x619.jpg 600w, https:\/\/highlightspirit.fr\/wp-content\/uploads\/2022\/07\/bougie-a-la-lavande-3-291x300.jpg 291w\" sizes=\"(max-width: 750px) 100vw, 750px\" \/><\/figure>\n\n\n\n<figure class=\"wp-block-image size-large\"><img decoding=\"async\" loading=\"lazy\" width=\"768\" height=\"1024\" src=\"https:\/\/highlightspirit.fr\/wp-content\/uploads\/2022\/07\/Fleurs-colorees-1.jpg\" alt=\"\" class=\"wp-image-426\" srcset=\"https:\/\/highlightspirit.fr\/wp-content\/uploads\/2022\/07\/Fleurs-colorees-1.jpg 768w, https:\/\/highlightspirit.fr\/wp-content\/uploads\/2022\/07\/Fleurs-colorees-1-600x800.jpg 600w, https:\/\/highlightspirit.fr\/wp-content\/uploads\/2022\/07\/Fleurs-colorees-1-225x300.jpg 225w\" sizes=\"(max-width: 768px) 100vw, 768px\" \/><\/figure>\n\n\n\n<figure class=\"wp-block-image size-large\"><img decoding=\"async\" loading=\"lazy\" width=\"750\" height=\"771\" src=\"https:\/\/highlightspirit.fr\/wp-content\/uploads\/2022\/07\/boite-a-explosion.jpg\" alt=\"\" class=\"wp-image-428\" srcset=\"https:\/\/highlightspirit.fr\/wp-content\/uploads\/2022\/07\/boite-a-explosion.jpg 750w, https:\/\/highlightspirit.fr\/wp-content\/uploads\/2022\/07\/boite-a-explosion-600x617.jpg 600w, https:\/\/highlightspirit.fr\/wp-content\/uploads\/2022\/07\/boite-a-explosion-292x300.jpg 292w\" sizes=\"(max-width: 750px) 100vw, 750px\" \/><\/figure>\n\n\n\n<figure class=\"wp-block-image size-large\"><img decoding=\"async\" loading=\"lazy\" width=\"749\" height=\"778\" src=\"https:\/\/highlightspirit.fr\/wp-content\/uploads\/2022\/07\/calendrier-de-lavent.jpg\" alt=\"\" class=\"wp-image-431\" srcset=\"https:\/\/highlightspirit.fr\/wp-content\/uploads\/2022\/07\/calendrier-de-lavent.jpg 749w, https:\/\/highlightspirit.fr\/wp-content\/uploads\/2022\/07\/calendrier-de-lavent-600x623.jpg 600w, https:\/\/highlightspirit.fr\/wp-content\/uploads\/2022\/07\/calendrier-de-lavent-289x300.jpg 289w\" sizes=\"(max-width: 749px) 100vw, 749px\" \/><\/figure>\n\n\n\n<figure class=\"wp-block-image size-large\"><img decoding=\"async\" loading=\"lazy\" width=\"819\" height=\"1024\" src=\"https:\/\/highlightspirit.fr\/wp-content\/uploads\/2022\/07\/carte-anniversaire-printanniere-1.jpg\" alt=\"\" class=\"wp-image-425\" srcset=\"https:\/\/highlightspirit.fr\/wp-content\/uploads\/2022\/07\/carte-anniversaire-printanniere-1.jpg 819w, https:\/\/highlightspirit.fr\/wp-content\/uploads\/2022\/07\/carte-anniversaire-printanniere-1-600x750.jpg 600w, https:\/\/highlightspirit.fr\/wp-content\/uploads\/2022\/07\/carte-anniversaire-printanniere-1-240x300.jpg 240w, https:\/\/highlightspirit.fr\/wp-content\/uploads\/2022\/07\/carte-anniversaire-printanniere-1-768x960.jpg 768w\" sizes=\"(max-width: 819px) 100vw, 819px\" \/><\/figure>\n\n\n\n<figure class=\"wp-block-image size-large\"><img decoding=\"async\" loading=\"lazy\" width=\"768\" height=\"1024\" src=\"https:\/\/highlightspirit.fr\/wp-content\/uploads\/2022\/07\/savons-au-lait-maternel-1.jpg\" alt=\"\" class=\"wp-image-427\" srcset=\"https:\/\/highlightspirit.fr\/wp-content\/uploads\/2022\/07\/savons-au-lait-maternel-1.jpg 768w, https:\/\/highlightspirit.fr\/wp-content\/uploads\/2022\/07\/savons-au-lait-maternel-1-600x800.jpg 600w, https:\/\/highlightspirit.fr\/wp-content\/uploads\/2022\/07\/savons-au-lait-maternel-1-225x300.jpg 225w\" sizes=\"(max-width: 768px) 100vw, 768px\" \/><\/figure>\n\n\n\n<figure class=\"wp-block-image size-large\"><img decoding=\"async\" loading=\"lazy\" width=\"750\" height=\"864\" src=\"https:\/\/highlightspirit.fr\/wp-content\/uploads\/2022\/07\/bougie-gourmande-1.jpg\" alt=\"\" class=\"wp-image-424\" srcset=\"https:\/\/highlightspirit.fr\/wp-content\/uploads\/2022\/07\/bougie-gourmande-1.jpg 750w, https:\/\/highlightspirit.fr\/wp-content\/uploads\/2022\/07\/bougie-gourmande-1-600x691.jpg 600w, https:\/\/highlightspirit.fr\/wp-content\/uploads\/2022\/07\/bougie-gourmande-1-260x300.jpg 260w\" sizes=\"(max-width: 750px) 100vw, 750px\" \/><\/figure>\n\n\n\n<figure class=\"wp-block-image size-large\"><img decoding=\"async\" loading=\"lazy\" width=\"1024\" height=\"768\" src=\"https:\/\/highlightspirit.fr\/wp-content\/uploads\/2022\/07\/bougie-meches-bois.jpg\" alt=\"\" class=\"wp-image-407\" srcset=\"https:\/\/highlightspirit.fr\/wp-content\/uploads\/2022\/07\/bougie-meches-bois.jpg 1024w, https:\/\/highlightspirit.fr\/wp-content\/uploads\/2022\/07\/bougie-meches-bois-600x450.jpg 600w, https:\/\/highlightspirit.fr\/wp-content\/uploads\/2022\/07\/bougie-meches-bois-300x225.jpg 300w, https:\/\/highlightspirit.fr\/wp-content\/uploads\/2022\/07\/bougie-meches-bois-768x576.jpg 768w\" sizes=\"(max-width: 1024px) 100vw, 1024px\" \/><\/figure>\n\n\n\n<figure class=\"wp-block-image size-large\"><img decoding=\"async\" loading=\"lazy\" width=\"1024\" height=\"768\" src=\"https:\/\/highlightspirit.fr\/wp-content\/uploads\/2022\/08\/1660320033382-1024x768.jpg\" alt=\"\" class=\"wp-image-462\" srcset=\"https:\/\/highlightspirit.fr\/wp-content\/uploads\/2022\/08\/1660320033382-1024x768.jpg 1024w, https:\/\/highlightspirit.fr\/wp-content\/uploads\/2022\/08\/1660320033382-scaled-600x450.jpg 600w, https:\/\/highlightspirit.fr\/wp-content\/uploads\/2022\/08\/1660320033382-300x225.jpg 300w, https:\/\/highlightspirit.fr\/wp-content\/uploads\/2022\/08\/1660320033382-768x576.jpg 768w, https:\/\/highlightspirit.fr\/wp-content\/uploads\/2022\/08\/1660320033382-1536x1152.jpg 1536w, https:\/\/highlightspirit.fr\/wp-content\/uploads\/2022\/08\/1660320033382-2048x1536.jpg 2048w\" sizes=\"(max-width: 1024px) 100vw, 1024px\" \/><\/figure>\n\n\n\n<figure class=\"wp-block-image size-large\"><img decoding=\"async\" loading=\"lazy\" width=\"768\" height=\"1024\" src=\"https:\/\/highlightspirit.fr\/wp-content\/uploads\/2022\/08\/1660320033401-768x1024.jpg\" alt=\"\" class=\"wp-image-461\" srcset=\"https:\/\/highlightspirit.fr\/wp-content\/uploads\/2022\/08\/1660320033401-768x1024.jpg 768w, https:\/\/highlightspirit.fr\/wp-content\/uploads\/2022\/08\/1660320033401-scaled-600x800.jpg 600w, https:\/\/highlightspirit.fr\/wp-content\/uploads\/2022\/08\/1660320033401-225x300.jpg 225w, https:\/\/highlightspirit.fr\/wp-content\/uploads\/2022\/08\/1660320033401-1152x1536.jpg 1152w, https:\/\/highlightspirit.fr\/wp-content\/uploads\/2022\/08\/1660320033401-1536x2048.jpg 1536w, https:\/\/highlightspirit.fr\/wp-content\/uploads\/2022\/08\/1660320033401-scaled.jpg 1920w\" sizes=\"(max-width: 768px) 100vw, 768px\" \/><\/figure>\n<figcaption class=\"blocks-gallery-caption wp-element-caption\"><a href=\"https:\/\/www.instagram.com\/therapies_alternatives_\/\" data-type=\"URL\" data-id=\"https:\/\/www.instagram.com\/therapies_alternatives_\/\">https:\/\/www.instagram.com\/therapies_alternatives_\/<\/a><\/figcaption><\/figure>\n<\/div>\n<\/div>\n<\/div><\/div>\n\n\n\n<p>Mon parcours de vie a \u00e9t\u00e9 sem\u00e9 d\u2019emb\u00fbches depuis mon plus jeune \u00e2ge. Je suis pass\u00e9e et passe encore par diff\u00e9rents stades et \u00e9motions, parfois des plus extr\u00eames. Je m\u2019efforce chaque fois d\u2019en tirer profit pour grandir. Chaque exp\u00e9rience, bien que parfois difficile et donnant l\u2019impression d\u2019\u00eatre au fond du gouffre, m\u2019a permis de m\u2019\u00e9lever, d\u2019en apprendre davantage sur moi.<\/p>\n\n\n\n<p>Avec l\u2019art th\u00e9rapie, les couleurs, les formes, les id\u00e9es deviennent un moyen d\u2019expression, de gu\u00e9rison et de connaissance de soi.<\/p>\n","protected":false},"excerpt":{"rendered":"<p>\u00ab Des objets, des m\u00e9diations de nature artistique sont utilis\u00e9s pour leurs capacit\u00e9s \u00e0 donner \u00e0 l\u2019individu le pouvoir de r\u00eaver, d\u2019esp\u00e9rer, de survivre [\u2026], et d\u2019oublier l\u2019espace d\u2019un temps la douleur, l\u2019angoisse, la maladie, en entrant ou en red\u00e9couvrant le processus cr\u00e9atif. \u00bb \u2013 Wadih RHONDALE Voici un partage de diff\u00e9rentes r\u00e9alisations Mon parcours&#8230;<\/p>\n","protected":false},"author":1,"featured_media":0,"parent":0,"menu_order":0,"comment_status":"closed","ping_status":"closed","template":"","meta":{"kt_blocks_editor_width":"","_kad_post_transparent":"","_kad_post_title":"","_kad_post_layout":"","_kad_post_sidebar_id":"","_kad_post_content_style":"","_kad_post_vertical_padding":"","_kad_post_feature":"","_kad_post_feature_position":"","_kad_post_header":false,"_kad_post_footer":false},"_links":{"self":[{"href":"https:\/\/highlightspirit.fr\/index.php\/wp-json\/wp\/v2\/pages\/391"}],"collection":[{"href":"https:\/\/highlightspirit.fr\/index.php\/wp-json\/wp\/v2\/pages"}],"about":[{"href":"https:\/\/highlightspirit.fr\/index.php\/wp-json\/wp\/v2\/types\/page"}],"author":[{"embeddable":true,"href":"https:\/\/highlightspirit.fr\/index.php\/wp-json\/wp\/v2\/users\/1"}],"replies":[{"embeddable":true,"href":"https:\/\/highlightspirit.fr\/index.php\/wp-json\/wp\/v2\/comments?post=391"}],"version-history":[{"count":8,"href":"https:\/\/highlightspirit.fr\/index.php\/wp-json\/wp\/v2\/pages\/391\/revisions"}],"predecessor-version":[{"id":616,"href":"https:\/\/highlightspirit.fr\/index.php\/wp-json\/wp\/v2\/pages\/391\/revisions\/616"}],"wp:attachment":[{"href":"https:\/\/highlightspirit.fr\/index.php\/wp-json\/wp\/v2\/media?parent=391"}],"curies":[{"name":"wp","href":"https:\/\/api.w.org\/{rel}","templated":true}]}}