{"id":259,"date":"2021-11-07T20:14:51","date_gmt":"2021-11-07T19:14:51","guid":{"rendered":"https:\/\/highlightspirit.fr\/?page_id=259"},"modified":"2024-02-07T23:20:15","modified_gmt":"2024-02-07T22:20:15","slug":"accueil","status":"publish","type":"page","link":"https:\/\/highlightspirit.fr\/","title":{"rendered":"Accueil"},"content":{"rendered":"\n<div class=\"wp-block-kadence-rowlayout alignnone\"><div id=\"kt-layout-id_4a2489-0d\" class=\"kt-row-layout-inner kt-layout-id_4a2489-0d\"><div class=\"kt-row-column-wrap kt-has-1-columns kt-gutter-default kt-v-gutter-default kt-row-valign-top kt-row-layout-equal kt-tab-layout-inherit kt-m-colapse-left-to-right kt-mobile-layout-row\">\n<div class=\"wp-block-kadence-column inner-column-1 kadence-column_948c0a-6d\"><div class=\"kt-inside-inner-col\">\n<h2 class=\"has-text-align-center\">Bienvenue dans mon monde<\/h2>\n\n\n\n<figure class=\"wp-block-audio\"><audio controls src=\"https:\/\/highlightspirit.fr\/wp-content\/uploads\/2021\/10\/One_of_Best_Piano_Song_ever_Une_des_plus_belles_.mp3\"><\/audio><\/figure>\n\n\n<div class=\"wp-block-image is-style-rounded\">\n<figure class=\"aligncenter size-large is-resized\"><img decoding=\"async\" loading=\"lazy\" src=\"https:\/\/highlightspirit.fr\/wp-content\/uploads\/2021\/11\/pexels-jennifer-henczel-9146950-2-edited-1024x640.jpg\" alt=\"\" class=\"wp-image-245\" width=\"937\" height=\"585\" srcset=\"https:\/\/highlightspirit.fr\/wp-content\/uploads\/2021\/11\/pexels-jennifer-henczel-9146950-2-edited-1024x640.jpg 1024w, https:\/\/highlightspirit.fr\/wp-content\/uploads\/2021\/11\/pexels-jennifer-henczel-9146950-2-edited-scaled-600x375.jpg 600w, https:\/\/highlightspirit.fr\/wp-content\/uploads\/2021\/11\/pexels-jennifer-henczel-9146950-2-edited-300x188.jpg 300w, https:\/\/highlightspirit.fr\/wp-content\/uploads\/2021\/11\/pexels-jennifer-henczel-9146950-2-edited-768x480.jpg 768w, https:\/\/highlightspirit.fr\/wp-content\/uploads\/2021\/11\/pexels-jennifer-henczel-9146950-2-edited-1536x960.jpg 1536w, https:\/\/highlightspirit.fr\/wp-content\/uploads\/2021\/11\/pexels-jennifer-henczel-9146950-2-edited-2048x1280.jpg 2048w\" sizes=\"(max-width: 937px) 100vw, 937px\" \/><figcaption class=\"wp-element-caption\">Bienvenue sur ce site <\/figcaption><\/figure><\/div>\n\n\n<p>Je suis Amelya. Highlightspirit est l&rsquo;id\u00e9e d&rsquo;un esprit \u00e0 la fois \u00e9lev\u00e9 et l\u00e9ger. C&rsquo;est \u00e0 mon sens le but de tout \u00eatre humain. Cet esprit light et high est la voie vers la joie profonde.<\/p>\n\n\n\n<p>A l&rsquo;\u00e2ge de 20 ans, j&rsquo;ai d\u00e9couvert un livre qui m&rsquo;a ouvert la voie vers la connaissance de soi. J&rsquo;ai alors pris la d\u00e9cision de me d\u00e9velopper, d&rsquo;apprendre \u00e0 me d\u00e9couvrir bien que le chemin de la connaissance soit sem\u00e9 d&#8217;emb\u00fbches. <\/p>\n\n\n\n<p>Peu \u00e0 peu je me suis ouverte \u00e0 mon intuition et j&rsquo;ai commenc\u00e9 \u00e0 accepter ce qui venait \u00e0 moi. Je ne pr\u00e9tends pas \u00eatre dans la connaissance absolue ou de gu\u00e9rir qui que ce soit mais les informations que je re\u00e7ois sont souvent pr\u00e9cieuses.<\/p>\n\n\n\n<p>Mes atouts cl\u00e9s: mon intuition, ma connaissance de l&rsquo;humain et la volont\u00e9 de permettre \u00e0 l&rsquo;autre d&rsquo;acc\u00e9der \u00e0 soi, \u00e0 se lib\u00e9rer de ce qui l&#8217;emp\u00eache d&rsquo;aller vers son int\u00e9riorit\u00e9.<\/p>\n\n\n\n<p>Apr\u00e8s un parcours universitaire en sciences du langage, je me suis dirig\u00e9 vers l&rsquo;enseignement et la formation pour adultes. Former, enseigner permet d&rsquo;amener l&rsquo;autre vers un mieux-\u00eatre certes mais il me manquait des cordes \u00e0 mon arc.<\/p>\n\n\n\n<p>Je me suis alors tourn\u00e9e vers les soins alternatifs en me formant \u00e0 la trame, au magn\u00e9tisme et en d\u00e9veloppant ma passion pour l&rsquo;art cr\u00e9atif.<\/p>\n\n\n\n<p>L&rsquo;intention que je mets en proposant des s\u00e9ances de trame, de magn\u00e9tisme ou d&rsquo;art th\u00e9rapie  est la volont\u00e9 profonde de faire que l&rsquo;autre se sente mieux et qu&rsquo;il d\u00e9veloppe la force n\u00e9cessaire pour continuer ce travail \u00e0 la fois difficile et merveilleux qu&rsquo;est la qu\u00eate de soi en vu d&rsquo;atteindre la joie profonde et le sentiment de libert\u00e9 qui nous anime tous.<\/p>\n<\/div><\/div>\n<\/div><\/div><\/div>\n\n\n\n<p>Lorsque je propose mes s\u00e9ances, je me connecte sinc\u00e8rement et profond\u00e9ment \u00e0 la personne avec amour et altruisme sans aucun calcul et je me laisse guider. <\/p>\n\n\n\n<p>Nous sommes en tant qu&rsquo;\u00eatre humain tous li\u00e9s les uns aux autres. Il existe ces moyens qui permettent de lib\u00e9rer l&rsquo;\u00eatre humain.  Nous sommes des canaux \u00e9nerg\u00e9tiques reli\u00e9s les uns aux autres. Une personne qui se sent mieux, qui se conna\u00eet mieux, qui se lib\u00e8re et l\u00e2che prise va irradier tout cela et l&rsquo;effet papillon est garanti. <\/p>\n","protected":false},"excerpt":{"rendered":"<p>Lorsque je propose mes s\u00e9ances, je me connecte sinc\u00e8rement et profond\u00e9ment \u00e0 la personne avec amour et altruisme sans aucun calcul et je me laisse guider. Nous sommes en tant qu&rsquo;\u00eatre humain tous li\u00e9s les uns aux autres. Il existe ces moyens qui permettent de lib\u00e9rer l&rsquo;\u00eatre humain. Nous sommes des canaux \u00e9nerg\u00e9tiques reli\u00e9s les&#8230;<\/p>\n","protected":false},"author":1,"featured_media":0,"parent":0,"menu_order":0,"comment_status":"closed","ping_status":"closed","template":"","meta":{"kt_blocks_editor_width":"","_kad_post_transparent":"","_kad_post_title":"","_kad_post_layout":"","_kad_post_sidebar_id":"","_kad_post_content_style":"","_kad_post_vertical_padding":"","_kad_post_feature":"","_kad_post_feature_position":"","_kad_post_header":false,"_kad_post_footer":false},"_links":{"self":[{"href":"https:\/\/highlightspirit.fr\/index.php\/wp-json\/wp\/v2\/pages\/259"}],"collection":[{"href":"https:\/\/highlightspirit.fr\/index.php\/wp-json\/wp\/v2\/pages"}],"about":[{"href":"https:\/\/highlightspirit.fr\/index.php\/wp-json\/wp\/v2\/types\/page"}],"author":[{"embeddable":true,"href":"https:\/\/highlightspirit.fr\/index.php\/wp-json\/wp\/v2\/users\/1"}],"replies":[{"embeddable":true,"href":"https:\/\/highlightspirit.fr\/index.php\/wp-json\/wp\/v2\/comments?post=259"}],"version-history":[{"count":16,"href":"https:\/\/highlightspirit.fr\/index.php\/wp-json\/wp\/v2\/pages\/259\/revisions"}],"predecessor-version":[{"id":610,"href":"https:\/\/highlightspirit.fr\/index.php\/wp-json\/wp\/v2\/pages\/259\/revisions\/610"}],"wp:attachment":[{"href":"https:\/\/highlightspirit.fr\/index.php\/wp-json\/wp\/v2\/media?parent=259"}],"curies":[{"name":"wp","href":"https:\/\/api.w.org\/{rel}","templated":true}]}}