{"id":24,"date":"2021-10-12T11:37:31","date_gmt":"2021-10-12T09:37:31","guid":{"rendered":"https:\/\/highlightspirit.fr\/?page_id=24"},"modified":"2022-11-15T18:15:24","modified_gmt":"2022-11-15T17:15:24","slug":"la-trame","status":"publish","type":"page","link":"https:\/\/highlightspirit.fr\/index.php\/la-trame\/","title":{"rendered":"La trame"},"content":{"rendered":"\n<figure class=\"wp-block-audio\"><audio controls src=\"https:\/\/highlightspirit.fr\/wp-content\/uploads\/2021\/10\/One_of_Best_Piano_Song_ever_Une_des_plus_belles_.mp3\" autoplay loop><\/audio><figcaption>Commencez \u00e0 entrer dans cet univers en musique<\/figcaption><\/figure>\n\n\n\n<div class=\"wp-block-image\"><figure class=\"aligncenter size-large is-resized\"><img decoding=\"async\" loading=\"lazy\" src=\"https:\/\/highlightspirit.fr\/wp-content\/uploads\/2021\/10\/image-trame-1024x684.jpg\" alt=\"\" class=\"wp-image-25\" width=\"1181\" height=\"789\" srcset=\"https:\/\/highlightspirit.fr\/wp-content\/uploads\/2021\/10\/image-trame-1024x684.jpg 1024w, https:\/\/highlightspirit.fr\/wp-content\/uploads\/2021\/10\/image-trame-scaled-600x401.jpg 600w, https:\/\/highlightspirit.fr\/wp-content\/uploads\/2021\/10\/image-trame-300x200.jpg 300w, https:\/\/highlightspirit.fr\/wp-content\/uploads\/2021\/10\/image-trame-768x513.jpg 768w, https:\/\/highlightspirit.fr\/wp-content\/uploads\/2021\/10\/image-trame-1536x1025.jpg 1536w, https:\/\/highlightspirit.fr\/wp-content\/uploads\/2021\/10\/image-trame-2048x1367.jpg 2048w\" sizes=\"(max-width: 1181px) 100vw, 1181px\" \/><\/figure><\/div>\n\n\n\n<h2 class=\"has-text-align-center has-larger-font-size\"><em><strong><span class=\"has-inline-color has-theme-palette-5-color\">LA TRAME<\/span><\/strong><\/em><\/h2>\n\n\n\n<div class=\"is-layout-flex wp-container-3 wp-block-columns\">\n<div class=\"is-layout-flow wp-block-column\">\n<p class=\"has-text-align-center\"><strong><span class=\"has-inline-color has-theme-palette-6-color\">Qu&rsquo;est-ce que c&rsquo;est<\/span><\/strong><\/p>\n\n\n\n<div class=\"wp-block-image\"><figure class=\"aligncenter size-large is-resized\"><img decoding=\"async\" loading=\"lazy\" src=\"https:\/\/highlightspirit.fr\/wp-content\/uploads\/2021\/10\/pexels-ricardo-esquivel-1654698-1024x684.jpg\" alt=\"\" class=\"wp-image-147\" width=\"290\" height=\"193\" srcset=\"https:\/\/highlightspirit.fr\/wp-content\/uploads\/2021\/10\/pexels-ricardo-esquivel-1654698-1024x684.jpg 1024w, https:\/\/highlightspirit.fr\/wp-content\/uploads\/2021\/10\/pexels-ricardo-esquivel-1654698-scaled-600x401.jpg 600w, https:\/\/highlightspirit.fr\/wp-content\/uploads\/2021\/10\/pexels-ricardo-esquivel-1654698-300x200.jpg 300w, https:\/\/highlightspirit.fr\/wp-content\/uploads\/2021\/10\/pexels-ricardo-esquivel-1654698-768x513.jpg 768w, https:\/\/highlightspirit.fr\/wp-content\/uploads\/2021\/10\/pexels-ricardo-esquivel-1654698-1536x1026.jpg 1536w, https:\/\/highlightspirit.fr\/wp-content\/uploads\/2021\/10\/pexels-ricardo-esquivel-1654698-2048x1368.jpg 2048w\" sizes=\"(max-width: 290px) 100vw, 290px\" \/><\/figure><\/div>\n\n\n\n<p>Cr\u00e9\u00e9e en 1990 par Patrick Burensteinas.<\/p>\n\n\n\n<p>Son int\u00e9r\u00eat : lib\u00e9rer les n\u0153uds \u00e9motionnels cristallis\u00e9s dans le corps suite \u00e0 nos exp\u00e9riences de vie. La trame est un soin alternatif qui permet un travail profond sur le rapport \u00e0 soi et au monde qui nous entoure. <\/p>\n\n\n\n<p>Son but est de permettre \u00e0 l&rsquo;information de circuler librement dans le corps car dans le cas contraire, celui-ci est confront\u00e9 \u00e0 un d\u00e9s\u00e9quilibre \u00e9motionnel et physique. Ainsi, gr\u00e2ce \u00e0 la trame, les blocages seront lib\u00e9r\u00e9s laissant place \u00e0 l&rsquo;harmonie et \u00e0 un alignement avec soi.<\/p>\n\n\n\n<p class=\"has-text-color\" style=\"color:#113929\"><span class=\"has-inline-color has-theme-palette-4-color\">Ainsi, elle permet de maintenir un \u00e9quilibre vital en nous lib\u00e9rant de nos \u00e9nergies n\u00e9fastes et en nous dotant d&rsquo;un bien-\u00eatre g\u00e9n\u00e9ral. La trame est l\u00e0 pour r\u00e9\u00e9quilibrer les fr\u00e9quences d&rsquo;\u00e9nergie de nos cellules et organes.<\/span><\/p>\n<\/div>\n\n\n\n<div class=\"is-layout-flow wp-block-column\">\n<p class=\"has-text-align-center\"><strong><span class=\"has-inline-color has-theme-palette-6-color\">Pourquoi ce soin?<\/span><\/strong><\/p>\n\n\n\n<div class=\"wp-block-image\"><figure class=\"aligncenter size-large is-resized\"><img decoding=\"async\" loading=\"lazy\" src=\"https:\/\/highlightspirit.fr\/wp-content\/uploads\/2021\/10\/pexels-julia-avamotive-1236678-1024x683.jpg\" alt=\"\" class=\"wp-image-80\" width=\"283\" height=\"189\" srcset=\"https:\/\/highlightspirit.fr\/wp-content\/uploads\/2021\/10\/pexels-julia-avamotive-1236678-1024x683.jpg 1024w, https:\/\/highlightspirit.fr\/wp-content\/uploads\/2021\/10\/pexels-julia-avamotive-1236678-scaled-600x400.jpg 600w, https:\/\/highlightspirit.fr\/wp-content\/uploads\/2021\/10\/pexels-julia-avamotive-1236678-300x200.jpg 300w, https:\/\/highlightspirit.fr\/wp-content\/uploads\/2021\/10\/pexels-julia-avamotive-1236678-768x512.jpg 768w, https:\/\/highlightspirit.fr\/wp-content\/uploads\/2021\/10\/pexels-julia-avamotive-1236678-1536x1024.jpg 1536w, https:\/\/highlightspirit.fr\/wp-content\/uploads\/2021\/10\/pexels-julia-avamotive-1236678-2048x1365.jpg 2048w\" sizes=\"(max-width: 283px) 100vw, 283px\" \/><\/figure><\/div>\n\n\n\n<p>Apr\u00e8s avoir \u00e9t\u00e9 t\u00e9moin des effets positifs de cette pratique<span class=\"has-inline-color has-theme-palette-4-color\">, j&rsquo;ai tout de suite voulu passer \u00e0 la pratique pour permettre \u00e0 d&rsquo;autres de sentir mieux. <\/span><\/p>\n<\/div>\n<\/div>\n\n\n\n<p><\/p>\n\n\n\n<p><\/p>\n","protected":false},"excerpt":{"rendered":"<p>LA TRAME Qu&rsquo;est-ce que c&rsquo;est Cr\u00e9\u00e9e en 1990 par Patrick Burensteinas. Son int\u00e9r\u00eat : lib\u00e9rer les n\u0153uds \u00e9motionnels cristallis\u00e9s dans le corps suite \u00e0 nos exp\u00e9riences de vie. La trame est un soin alternatif qui permet un travail profond sur le rapport \u00e0 soi et au monde qui nous entoure. Son but est de permettre&#8230;<\/p>\n","protected":false},"author":1,"featured_media":25,"parent":0,"menu_order":0,"comment_status":"closed","ping_status":"closed","template":"","meta":{"kt_blocks_editor_width":"","_kad_post_transparent":"default","_kad_post_title":"","_kad_post_layout":"fullwidth","_kad_post_sidebar_id":"","_kad_post_content_style":"","_kad_post_vertical_padding":"","_kad_post_feature":"","_kad_post_feature_position":"","_kad_post_header":false,"_kad_post_footer":false},"_links":{"self":[{"href":"https:\/\/highlightspirit.fr\/index.php\/wp-json\/wp\/v2\/pages\/24"}],"collection":[{"href":"https:\/\/highlightspirit.fr\/index.php\/wp-json\/wp\/v2\/pages"}],"about":[{"href":"https:\/\/highlightspirit.fr\/index.php\/wp-json\/wp\/v2\/types\/page"}],"author":[{"embeddable":true,"href":"https:\/\/highlightspirit.fr\/index.php\/wp-json\/wp\/v2\/users\/1"}],"replies":[{"embeddable":true,"href":"https:\/\/highlightspirit.fr\/index.php\/wp-json\/wp\/v2\/comments?post=24"}],"version-history":[{"count":11,"href":"https:\/\/highlightspirit.fr\/index.php\/wp-json\/wp\/v2\/pages\/24\/revisions"}],"predecessor-version":[{"id":572,"href":"https:\/\/highlightspirit.fr\/index.php\/wp-json\/wp\/v2\/pages\/24\/revisions\/572"}],"wp:featuredmedia":[{"embeddable":true,"href":"https:\/\/highlightspirit.fr\/index.php\/wp-json\/wp\/v2\/media\/25"}],"wp:attachment":[{"href":"https:\/\/highlightspirit.fr\/index.php\/wp-json\/wp\/v2\/media?parent=24"}],"curies":[{"name":"wp","href":"https:\/\/api.w.org\/{rel}","templated":true}]}}